{"id":196,"date":"2024-08-09T08:01:11","date_gmt":"2024-08-09T06:01:11","guid":{"rendered":"https:\/\/www.infos.maison-le-breton.com\/infos\/?page_id=196"},"modified":"2025-06-26T17:19:36","modified_gmt":"2025-06-26T15:19:36","slug":"jatdcrge","status":"publish","type":"page","link":"https:\/\/www.infos.maison-le-breton.com\/infos\/index.php\/jatdcrge\/","title":{"rendered":"Jasse T\u00eate de Cuv\u00e9e"},"content":{"rendered":"<div class=\"vce-row-container\" data-vce-boxed-width=\"true\"><div class=\"vce-row vce-row--col-gap-30 vce-row-equal-height vce-row-content--top\" id=\"el-6c5a884f\" data-vce-do-apply=\"all el-6c5a884f\"><div class=\"vce-row-content\" data-vce-element-content=\"true\"><div class=\"vce-col vce-col--md-auto vce-col--xs-1 vce-col--xs-last vce-col--xs-first vce-col--sm-last vce-col--sm-first vce-col--md-last vce-col--lg-last vce-col--xl-last vce-col--md-first vce-col--lg-first vce-col--xl-first\" id=\"el-b4e52cb4\"><div class=\"vce-col-inner\" data-vce-do-apply=\"border margin background  el-b4e52cb4\"><div class=\"vce-col-content\" data-vce-element-content=\"true\" data-vce-do-apply=\"padding el-b4e52cb4\"><div class=\"vce-text-block\"><div class=\"vce-text-block-wrapper vce\" id=\"el-5fb467b9\" data-vce-do-apply=\"all el-5fb467b9\"><h2 style=\"text-align: center;\">T\u00eate de Cuv\u00e9e<br>de La Jasse<\/h2><p style=\"text-align: center;\">Choisissez votre langue - Pick your language<br>Kies je taal - W\u00e4hle deine Sprache<\/p><\/div><\/div><\/div><\/div><\/div><\/div><\/div><\/div><div class=\"vce-row-container\" data-vce-boxed-width=\"true\"><div class=\"vce-row vce-row--col-gap-30 vce-row-equal-height vce-row-content--top\" id=\"el-403127f7\" data-vce-do-apply=\"all el-403127f7\"><div class=\"vce-row-content\" data-vce-element-content=\"true\"><div class=\"vce-col vce-col--md-auto vce-col--xs-1 vce-col--xs-last vce-col--xs-first vce-col--sm-last vce-col--sm-first vce-col--md-last vce-col--lg-last vce-col--xl-last vce-col--md-first vce-col--lg-first vce-col--xl-first\" id=\"el-7f7dc326\"><div class=\"vce-col-inner\" data-vce-do-apply=\"border margin background  el-7f7dc326\"><div class=\"vce-col-content\" data-vce-element-content=\"true\" data-vce-do-apply=\"padding el-7f7dc326\"><div class=\"vce-classic-tabs vce vce-classic-tabs-align--center vce-classic-tabs-border-color--ba-0-0-0-0\" id=\"el-18b003b7\" data-vce-do-apply=\"all el-18b003b7\" data-active-tab=\"1\"><div class=\"vce-classic-tabs-inner\"><div class=\"vce-classic-tabs-container\"><div class=\"vce-classic-tabs-list\" role=\"tablist\" aria-label=\"Classic Tabs\"><div class=\"vce-classic-tabs-tab\" data-vce-target-model-id=\"c6fafaa6\" data-vce-classic-tab=\"true\"><a class=\"vce-classic-tabs-tab-title\" data-vce-use-cache=\"false\" data-vce-classic-tabs=\"true\" data-vce-target=\"[data-model-id=c6fafaa6]\" data-vce-container=\".vce-classic-tabs-inner\" href=\"#el-c6fafaa6\" role=\"tab\" aria-selected=\"false\" aria-controls=\"el-c6fafaa6\" id=\"tab-c6fafaa6\"><img decoding=\"async\" draggable=\"false\" role=\"img\" class=\"emoji\" alt=\"\ud83c\uddeb\ud83c\uddf7\" src=\"https:\/\/s.w.org\/images\/core\/emoji\/15.1.0\/svg\/1f1eb-1f1f7.svg\"><\/a><\/div><div class=\"vce-classic-tabs-tab\" data-vce-target-model-id=\"9dbe29f5\" data-vce-classic-tab=\"true\"><a class=\"vce-classic-tabs-tab-title\" data-vce-use-cache=\"false\" data-vce-classic-tabs=\"true\" data-vce-target=\"[data-model-id=9dbe29f5]\" data-vce-container=\".vce-classic-tabs-inner\" href=\"#el-9dbe29f5\" role=\"tab\" aria-selected=\"false\" aria-controls=\"el-9dbe29f5\" id=\"tab-9dbe29f5\"><img decoding=\"async\" draggable=\"false\" role=\"img\" class=\"emoji\" alt=\"\ud83c\uddec\ud83c\udde7\" src=\"https:\/\/s.w.org\/images\/core\/emoji\/15.1.0\/svg\/1f1ec-1f1e7.svg\"><\/a><\/div><div class=\"vce-classic-tabs-tab\" data-vce-target-model-id=\"be33c0a0\" data-vce-classic-tab=\"true\"><a class=\"vce-classic-tabs-tab-title\" data-vce-use-cache=\"false\" data-vce-classic-tabs=\"true\" data-vce-target=\"[data-model-id=be33c0a0]\" data-vce-container=\".vce-classic-tabs-inner\" href=\"#el-be33c0a0\" role=\"tab\" aria-selected=\"false\" aria-controls=\"el-be33c0a0\" id=\"tab-be33c0a0\"><img decoding=\"async\" draggable=\"false\" role=\"img\" class=\"emoji\" alt=\"\ud83c\udde9\ud83c\uddea\" src=\"https:\/\/s.w.org\/images\/core\/emoji\/15.1.0\/svg\/1f1e9-1f1ea.svg\"><\/a><\/div><div class=\"vce-classic-tabs-tab\" data-vce-target-model-id=\"015be197\" data-vce-classic-tab=\"true\"><a class=\"vce-classic-tabs-tab-title\" data-vce-use-cache=\"false\" data-vce-classic-tabs=\"true\" data-vce-target=\"[data-model-id=015be197]\" data-vce-container=\".vce-classic-tabs-inner\" href=\"#el-015be197\" role=\"tab\" aria-selected=\"true\" aria-controls=\"el-015be197\" id=\"tab-015be197\"><img decoding=\"async\" draggable=\"false\" role=\"img\" class=\"emoji\" alt=\"\ud83c\uddf3\ud83c\uddf1\" src=\"https:\/\/s.w.org\/images\/core\/emoji\/15.1.0\/svg\/1f1f3-1f1f1.svg\"><\/a><\/div><\/div><\/div><div class=\"vce-classic-tabs-panels-container\"><div class=\"vce-classic-tabs-panels\"><div class=\"vce-classic-tabs-panel\" id=\"el-c6fafaa6\" data-model-id=\"c6fafaa6\" data-vce-content=\".vce-classic-tabs-panel-body\"><div class=\"vce-classic-tabs-tab-inner\"><div class=\"vce-classic-tabs-panel-heading\"><a class=\"vce-classic-tabs-panel-title\" href=\"#el-c6fafaa6\" data-vce-target=\"[data-model-id=c6fafaa6]\" data-vce-use-cache=\"false\" data-vce-classic-accordion=\"\" data-vce-container=\".vce-classic-tabs-inner\" role=\"tab\" aria-selected=\"false\" aria-controls=\"el-c6fafaa6\" id=\"accordion-c6fafaa6\"><span><img decoding=\"async\" draggable=\"false\" role=\"img\" class=\"emoji\" alt=\"\ud83c\uddeb\ud83c\uddf7\" src=\"https:\/\/s.w.org\/images\/core\/emoji\/15.1.0\/svg\/1f1eb-1f1f7.svg\"><\/span><\/a><\/div><div class=\"vce-classic-tabs-panel-body\" role=\"tabpanel\" aria-labelledby=\"tab-c6fafaa6 accordion-c6fafaa6\" data-vce-do-apply=\"all el-c6fafaa6\" hidden=\"hidden\" style=\"\"><div class=\"vce-classic-tabs-element-container\" data-js-panel-body=\"\"><div class=\"vce-text-block\"><div class=\"vce-text-block-wrapper vce\" id=\"el-9a49c751\" data-vce-do-apply=\"all el-9a49c751\"><p><strong>Cuv\u00e9e<\/strong><\/p><ul><li><strong>Marque&nbsp;<\/strong>: La Jasse<\/li><li><strong>Nom<\/strong> : T\u00eate de Cuv\u00e9e<\/li><li><strong>Couleur<\/strong> : Rouge<\/li><li><strong>Mill\u00e9sime<\/strong> : 2023, 2022<\/li><li><strong>Appellation<\/strong> : IGP Pays d'Oc<\/li><li><strong>Vol. Alc.<\/strong> : 14,00%<\/li><\/ul><p><strong>Ingr\u00e9dients<\/strong><\/p><ul><li><strong>Conservateurs et antioxydants<\/strong> : dioxyde de souffre (&lt;1%)<\/li><li><strong>Agents stabilisateurs<\/strong> : gomme arabique (&lt;1%)<\/li><\/ul><p><strong>D\u00e9claration nutritionnelle pour 100 ml<\/strong><\/p><ul><li><strong>Valeur \u00e9nerg\u00e9tique<\/strong> : 320,33 Kj \/ 77,32 Kcal<\/li><li><strong>Graisses<\/strong> : 0<\/li><li><strong>Acides gras satur\u00e9s<\/strong> : 0<\/li><li><strong>Glucides<\/strong> : 0<\/li><li><strong>Sucres<\/strong> : 0<\/li><li><strong>Prot\u00e9ines<\/strong> : 0,005g<\/li><li><strong>Sel<\/strong> : 0<\/li><\/ul><p><strong>Valeur \u00e9nerg\u00e9tique pour 100 ml<\/strong><\/p><ul><li><strong>E\/100ml<\/strong> = 320,33 Kj \/ 77,32 Kcal<\/li><\/ul><p><strong>Allerg\u00e8nes<\/strong><\/p><ul><li>Contient des sulfites<\/li><\/ul><\/div><\/div><\/div><\/div><\/div><\/div><div class=\"vce-classic-tabs-panel\" id=\"el-9dbe29f5\" data-model-id=\"9dbe29f5\" data-vce-content=\".vce-classic-tabs-panel-body\"><div class=\"vce-classic-tabs-tab-inner\"><div class=\"vce-classic-tabs-panel-heading\"><a class=\"vce-classic-tabs-panel-title\" href=\"#el-9dbe29f5\" data-vce-target=\"[data-model-id=9dbe29f5]\" data-vce-use-cache=\"false\" data-vce-classic-accordion=\"\" data-vce-container=\".vce-classic-tabs-inner\" role=\"tab\" aria-selected=\"false\" aria-controls=\"el-9dbe29f5\" id=\"accordion-9dbe29f5\"><span><img decoding=\"async\" draggable=\"false\" role=\"img\" class=\"emoji\" alt=\"\ud83c\uddec\ud83c\udde7\" src=\"https:\/\/s.w.org\/images\/core\/emoji\/15.1.0\/svg\/1f1ec-1f1e7.svg\"><\/span><\/a><\/div><div class=\"vce-classic-tabs-panel-body\" role=\"tabpanel\" aria-labelledby=\"tab-9dbe29f5 accordion-9dbe29f5\" data-vce-do-apply=\"all el-9dbe29f5\" style=\"\" hidden=\"hidden\"><div class=\"vce-classic-tabs-element-container\" data-js-panel-body=\"\"><div class=\"vce-text-block\"><div class=\"vce-text-block-wrapper vce\" id=\"el-12336dea\" data-vce-do-apply=\"all el-12336dea\"><p><strong>Wine<\/strong><\/p><ul><li><strong>Brand<\/strong>: La Jasse<\/li><li><b>Name<\/b>: T\u00eate de Cuv\u00e9e<\/li><li><b>Color<\/b>: Rouge<\/li><li><b>Vintage<\/b>: 2023, 2022<\/li><li><strong>Appellation<\/strong>: IGP Pays d'Oc<\/li><li><strong>Vol. Alc.<\/strong> : 14,00%<\/li><\/ul><p><strong>Ingredients<\/strong><\/p><ul><li><strong>Preservatives and antioxidants<\/strong>: sulfur dioxide (&lt;1%)<\/li><li><strong>Stabilizing agents<\/strong>: gum arabic (&lt;1%)<\/li><\/ul><p><strong>Nutrition declaration<\/strong><\/p><ul><li><b>Energetic value<\/b>: 320,33 Kj \/ 77,32 Kcal<\/li><li><b>Fats<\/b>: 0<\/li><li><b class=\"b5\">Saturated <\/b><b class=\"b4\">fa<\/b><b class=\"b3\">tty&nbsp;<\/b><b class=\"b2\">acids<\/b>: 0<\/li><li><strong>Carbohydrates<\/strong>: 0<\/li><li><b>Sugar<\/b>: 0<\/li><li><b>Proteins<\/b>: 0.005g<\/li><li><b>Salt<\/b>: 0<\/li><\/ul><p><strong><b>Energetic value for<\/b> 100 ml<\/strong><\/p><ul><li><strong>E\/100ml<\/strong> = 320,33 Kj \/ 77,32 Kcal<\/li><\/ul><p><strong>Allergens<\/strong><\/p><ul><li>Conteins sulfites<\/li><\/ul><\/div><\/div><\/div><\/div><\/div><\/div><div class=\"vce-classic-tabs-panel\" id=\"el-be33c0a0\" data-model-id=\"be33c0a0\" data-vce-content=\".vce-classic-tabs-panel-body\"><div class=\"vce-classic-tabs-tab-inner\"><div class=\"vce-classic-tabs-panel-heading\"><a class=\"vce-classic-tabs-panel-title\" href=\"#el-be33c0a0\" data-vce-target=\"[data-model-id=be33c0a0]\" data-vce-use-cache=\"false\" data-vce-classic-accordion=\"\" data-vce-container=\".vce-classic-tabs-inner\" role=\"tab\" aria-selected=\"false\" aria-controls=\"el-be33c0a0\" id=\"accordion-be33c0a0\"><span><img decoding=\"async\" draggable=\"false\" role=\"img\" class=\"emoji\" alt=\"\ud83c\udde9\ud83c\uddea\" src=\"https:\/\/s.w.org\/images\/core\/emoji\/15.1.0\/svg\/1f1e9-1f1ea.svg\"><\/span><\/a><\/div><div class=\"vce-classic-tabs-panel-body\" role=\"tabpanel\" aria-labelledby=\"tab-be33c0a0 accordion-be33c0a0\" data-vce-do-apply=\"all el-be33c0a0\" style=\"\" hidden=\"hidden\"><div class=\"vce-classic-tabs-element-container\" data-js-panel-body=\"\"><div class=\"vce-text-block\"><div class=\"vce-text-block-wrapper vce\" id=\"el-00550f83\" data-vce-do-apply=\"all el-00550f83\"><p><strong>Wein<\/strong><\/p><ul><li><strong>Marke<\/strong>: La Jasse<\/li><li><strong>Name<\/strong>: T\u00eate de Cuv\u00e9e<\/li><li><strong>Farbe<\/strong>: Rouge<\/li><li><strong>Jahrgang<\/strong>: 2023, 2022<\/li><li><strong>Appellation<\/strong>: IGP Pays d\u2019Oc<\/li><li><strong>Vol. Alc.<\/strong> : 14,00%<\/li><\/ul><p><strong>Zutaten<\/strong><\/p><ul><li><strong>Konservierungsstoffe und Antioxidantien<\/strong>: Schwefeldioxid (&lt;1 %)<\/li><li><strong>Stabilisatoren<\/strong>: Gummi arabicum (&lt;1%)<\/li><\/ul><p><strong>N\u00e4hrwertangabe<\/strong><\/p><ul><li><strong>Energiewert<\/strong>: 320,33 Kj \/ 77,32 Kcal<\/li><li><strong>Fett<\/strong>: 0<\/li><li><strong>Ges\u00e4ttigte Fetts\u00e4uren<\/strong>: 0<\/li><li><strong>Kohlenhydrate<\/strong>: 0<\/li><li><strong>Zucker<\/strong>: 0<\/li><li><strong>Protein<\/strong>: 0,005 g<\/li><li><strong>Salz<\/strong>: 0<\/li><\/ul><p><strong>Energetischer Wert f\u00fcr 100 ml<\/strong><\/p><ul><li><strong>E\/100 ml<\/strong> = 320,33 Kj \/ 77,32 Kcal<\/li><\/ul><p><strong>Allergene<\/strong><\/p><ul><li>Sulfit enth\u00e4lt<\/li><\/ul><\/div><\/div><\/div><\/div><\/div><\/div><div class=\"vce-classic-tabs-panel\" id=\"el-015be197\" data-model-id=\"015be197\" data-vce-content=\".vce-classic-tabs-panel-body\"><div class=\"vce-classic-tabs-tab-inner\"><div class=\"vce-classic-tabs-panel-heading\"><a class=\"vce-classic-tabs-panel-title\" href=\"#el-015be197\" data-vce-target=\"[data-model-id=015be197]\" data-vce-use-cache=\"false\" data-vce-classic-accordion=\"\" data-vce-container=\".vce-classic-tabs-inner\" role=\"tab\" aria-selected=\"true\" aria-controls=\"el-015be197\" id=\"accordion-015be197\"><span><img decoding=\"async\" draggable=\"false\" role=\"img\" class=\"emoji\" alt=\"\ud83c\uddf3\ud83c\uddf1\" src=\"https:\/\/s.w.org\/images\/core\/emoji\/15.1.0\/svg\/1f1f3-1f1f1.svg\"><\/span><\/a><\/div><div class=\"vce-classic-tabs-panel-body\" role=\"tabpanel\" aria-labelledby=\"tab-015be197 accordion-015be197\" data-vce-do-apply=\"all el-015be197\" style=\"\"><div class=\"vce-classic-tabs-element-container\" data-js-panel-body=\"\"><div class=\"vce-text-block\"><div class=\"vce-text-block-wrapper vce\" id=\"el-7a8c050e\" data-vce-do-apply=\"all el-7a8c050e\"><p><strong>Wijn<\/strong><\/p><ul><li><strong>Merk<\/strong>: La Jasse<\/li><li><strong>Naam<\/strong>: T\u00eate de Cuv\u00e9e<\/li><li><strong>Kleur<\/strong>: Rouge<\/li><li><strong>Bouwjaar<\/strong>: 2023, 2022<\/li><li><strong>Appellatie<\/strong>: IGP Pays d'Oc<\/li><li><strong>Vol. Alc.<\/strong> : 14,00%<\/li><\/ul><p><strong>Ingredi\u00ebnten<\/strong><\/p><ul><li><strong>Conserveermiddelen en antioxidanten<\/strong>: zwaveldioxide (&lt;1%)<\/li><li><strong>Stabilisatoren<\/strong>: Arabische gom (&lt;1%)<\/li><\/ul><p><strong>Voedingsverklaring<\/strong><\/p><ul><li><strong>Energetische waarde<\/strong>: 320,33 Kj \/ 77,32 Kcal<\/li><li><strong>Vet<\/strong>: 0<\/li><li><strong>Verzadigde vetzuren<\/strong>: 0<\/li><li><strong>Koolhydraten<\/strong>: 0<\/li><li><strong>Suiker<\/strong>: 0<\/li><li><strong>Eiwit<\/strong>: 0,005 g<\/li><li><strong>Zout<\/strong>: 0<\/li><\/ul><p><strong>Energetische waarde voor 100 ml<\/strong><\/p><ul><li><strong>E\/100 ml<\/strong> = 320,33 Kj \/ 77,32 Kcal<\/li><\/ul><p><strong>Allergenen<\/strong><\/p><ul><li>Sulfiet Bevat<\/li><\/ul><\/div><\/div><\/div><\/div><\/div><\/div><\/div><\/div><\/div><\/div><\/div><\/div><\/div><\/div><\/div><\/div>\n","protected":false},"excerpt":{"rendered":"<p>T\u00eate de Cuv\u00e9ede La JasseChoisissez votre langue &#8211; Pick your languageKies je taal &#8211; W\u00e4hle deine SpracheCuv\u00e9eMarque&nbsp;: La JasseNom : T\u00eate de Cuv\u00e9eCouleur : RougeMill\u00e9sime&hellip;<\/p>\n","protected":false},"author":1,"featured_media":0,"parent":0,"menu_order":0,"comment_status":"closed","ping_status":"closed","template":"","meta":{"footnotes":""},"class_list":["post-196","page","type-page","status-publish","hentry"],"yoast_head":"<!-- This site is optimized with the Yoast SEO plugin v26.1.1 - https:\/\/yoast.com\/wordpress\/plugins\/seo\/ -->\n<title>Jasse T\u00eate de Cuv\u00e9e - Maison Le Breton - Informations<\/title>\n<meta name=\"robots\" content=\"noindex, nofollow, max-snippet:-1, max-image-preview:large, max-video-preview:-1\" \/>\n<meta property=\"og:locale\" content=\"fr_FR\" \/>\n<meta property=\"og:type\" content=\"article\" \/>\n<meta property=\"og:title\" content=\"Jasse T\u00eate de Cuv\u00e9e - Maison Le Breton - Informations\" \/>\n<meta property=\"og:description\" content=\"T\u00eate de Cuv\u00e9ede La JasseChoisissez votre langue - Pick your languageKies je taal - W\u00e4hle deine SpracheCuv\u00e9eMarque&nbsp;: La JasseNom : T\u00eate de Cuv\u00e9eCouleur : RougeMill\u00e9sime&hellip;\" \/>\n<meta property=\"og:url\" content=\"https:\/\/www.infos.maison-le-breton.com\/infos\/index.php\/jatdcrge\/\" \/>\n<meta property=\"og:site_name\" content=\"Maison Le Breton - Informations\" \/>\n<meta property=\"article:modified_time\" content=\"2025-06-26T15:19:36+00:00\" \/>\n<meta property=\"og:image\" content=\"https:\/\/s.w.org\/images\/core\/emoji\/15.1.0\/svg\/1f1eb-1f1f7.svg\" \/>\n<meta name=\"twitter:card\" content=\"summary_large_image\" \/>\n<meta name=\"twitter:label1\" content=\"Dur\u00e9e de lecture estim\u00e9e\" \/>\n\t<meta name=\"twitter:data1\" content=\"4 minutes\" \/>\n<script type=\"application\/ld+json\" class=\"yoast-schema-graph\">{\"@context\":\"https:\/\/schema.org\",\"@graph\":[{\"@type\":\"WebPage\",\"@id\":\"https:\/\/www.infos.maison-le-breton.com\/infos\/index.php\/jatdcrge\/\",\"url\":\"https:\/\/www.infos.maison-le-breton.com\/infos\/index.php\/jatdcrge\/\",\"name\":\"Jasse T\u00eate de Cuv\u00e9e - Maison Le Breton - Informations\",\"isPartOf\":{\"@id\":\"https:\/\/www.infos.maison-le-breton.com\/infos\/#website\"},\"primaryImageOfPage\":{\"@id\":\"https:\/\/www.infos.maison-le-breton.com\/infos\/index.php\/jatdcrge\/#primaryimage\"},\"image\":{\"@id\":\"https:\/\/www.infos.maison-le-breton.com\/infos\/index.php\/jatdcrge\/#primaryimage\"},\"thumbnailUrl\":\"https:\/\/s.w.org\/images\/core\/emoji\/15.1.0\/svg\/1f1eb-1f1f7.svg\",\"datePublished\":\"2024-08-09T06:01:11+00:00\",\"dateModified\":\"2025-06-26T15:19:36+00:00\",\"breadcrumb\":{\"@id\":\"https:\/\/www.infos.maison-le-breton.com\/infos\/index.php\/jatdcrge\/#breadcrumb\"},\"inLanguage\":\"fr-FR\",\"potentialAction\":[{\"@type\":\"ReadAction\",\"target\":[\"https:\/\/www.infos.maison-le-breton.com\/infos\/index.php\/jatdcrge\/\"]}]},{\"@type\":\"ImageObject\",\"inLanguage\":\"fr-FR\",\"@id\":\"https:\/\/www.infos.maison-le-breton.com\/infos\/index.php\/jatdcrge\/#primaryimage\",\"url\":\"https:\/\/s.w.org\/images\/core\/emoji\/15.1.0\/svg\/1f1eb-1f1f7.svg\",\"contentUrl\":\"https:\/\/s.w.org\/images\/core\/emoji\/15.1.0\/svg\/1f1eb-1f1f7.svg\"},{\"@type\":\"BreadcrumbList\",\"@id\":\"https:\/\/www.infos.maison-le-breton.com\/infos\/index.php\/jatdcrge\/#breadcrumb\",\"itemListElement\":[{\"@type\":\"ListItem\",\"position\":1,\"name\":\"Accueil\",\"item\":\"https:\/\/www.infos.maison-le-breton.com\/infos\/\"},{\"@type\":\"ListItem\",\"position\":2,\"name\":\"Jasse T\u00eate de Cuv\u00e9e\"}]},{\"@type\":\"WebSite\",\"@id\":\"https:\/\/www.infos.maison-le-breton.com\/infos\/#website\",\"url\":\"https:\/\/www.infos.maison-le-breton.com\/infos\/\",\"name\":\"Maison Le Breton - Informations\",\"description\":\"\u00c9tiquettes d\u00e9mat\u00e9rialis\u00e9es des vins de Maison Le Breton\",\"publisher\":{\"@id\":\"https:\/\/www.infos.maison-le-breton.com\/infos\/#organization\"},\"potentialAction\":[{\"@type\":\"SearchAction\",\"target\":{\"@type\":\"EntryPoint\",\"urlTemplate\":\"https:\/\/www.infos.maison-le-breton.com\/infos\/?s={search_term_string}\"},\"query-input\":{\"@type\":\"PropertyValueSpecification\",\"valueRequired\":true,\"valueName\":\"search_term_string\"}}],\"inLanguage\":\"fr-FR\"},{\"@type\":\"Organization\",\"@id\":\"https:\/\/www.infos.maison-le-breton.com\/infos\/#organization\",\"name\":\"Maison Le Breton - Informations\",\"url\":\"https:\/\/www.infos.maison-le-breton.com\/infos\/\",\"logo\":{\"@type\":\"ImageObject\",\"inLanguage\":\"fr-FR\",\"@id\":\"https:\/\/www.infos.maison-le-breton.com\/infos\/#\/schema\/logo\/image\/\",\"url\":\"https:\/\/www.infos.maison-le-breton.com\/infos\/wp-content\/uploads\/2023\/12\/Logo_MaisonLeBreton_HorizonSmallNoir-e1703673249886.png\",\"contentUrl\":\"https:\/\/www.infos.maison-le-breton.com\/infos\/wp-content\/uploads\/2023\/12\/Logo_MaisonLeBreton_HorizonSmallNoir-e1703673249886.png\",\"width\":211,\"height\":30,\"caption\":\"Maison Le Breton - Informations\"},\"image\":{\"@id\":\"https:\/\/www.infos.maison-le-breton.com\/infos\/#\/schema\/logo\/image\/\"}}]}<\/script>\n<!-- \/ Yoast SEO plugin. -->","yoast_head_json":{"title":"Jasse T\u00eate de Cuv\u00e9e - Maison Le Breton - Informations","robots":{"index":"noindex","follow":"nofollow","max-snippet":"max-snippet:-1","max-image-preview":"max-image-preview:large","max-video-preview":"max-video-preview:-1"},"og_locale":"fr_FR","og_type":"article","og_title":"Jasse T\u00eate de Cuv\u00e9e - Maison Le Breton - Informations","og_description":"T\u00eate de Cuv\u00e9ede La JasseChoisissez votre langue - Pick your languageKies je taal - W\u00e4hle deine SpracheCuv\u00e9eMarque&nbsp;: La JasseNom : T\u00eate de Cuv\u00e9eCouleur : RougeMill\u00e9sime&hellip;","og_url":"https:\/\/www.infos.maison-le-breton.com\/infos\/index.php\/jatdcrge\/","og_site_name":"Maison Le Breton - Informations","article_modified_time":"2025-06-26T15:19:36+00:00","og_image":[{"url":"https:\/\/s.w.org\/images\/core\/emoji\/15.1.0\/svg\/1f1eb-1f1f7.svg","type":"","width":"","height":""}],"twitter_card":"summary_large_image","twitter_misc":{"Dur\u00e9e de lecture estim\u00e9e":"4 minutes"},"schema":{"@context":"https:\/\/schema.org","@graph":[{"@type":"WebPage","@id":"https:\/\/www.infos.maison-le-breton.com\/infos\/index.php\/jatdcrge\/","url":"https:\/\/www.infos.maison-le-breton.com\/infos\/index.php\/jatdcrge\/","name":"Jasse T\u00eate de Cuv\u00e9e - Maison Le Breton - Informations","isPartOf":{"@id":"https:\/\/www.infos.maison-le-breton.com\/infos\/#website"},"primaryImageOfPage":{"@id":"https:\/\/www.infos.maison-le-breton.com\/infos\/index.php\/jatdcrge\/#primaryimage"},"image":{"@id":"https:\/\/www.infos.maison-le-breton.com\/infos\/index.php\/jatdcrge\/#primaryimage"},"thumbnailUrl":"https:\/\/s.w.org\/images\/core\/emoji\/15.1.0\/svg\/1f1eb-1f1f7.svg","datePublished":"2024-08-09T06:01:11+00:00","dateModified":"2025-06-26T15:19:36+00:00","breadcrumb":{"@id":"https:\/\/www.infos.maison-le-breton.com\/infos\/index.php\/jatdcrge\/#breadcrumb"},"inLanguage":"fr-FR","potentialAction":[{"@type":"ReadAction","target":["https:\/\/www.infos.maison-le-breton.com\/infos\/index.php\/jatdcrge\/"]}]},{"@type":"ImageObject","inLanguage":"fr-FR","@id":"https:\/\/www.infos.maison-le-breton.com\/infos\/index.php\/jatdcrge\/#primaryimage","url":"https:\/\/s.w.org\/images\/core\/emoji\/15.1.0\/svg\/1f1eb-1f1f7.svg","contentUrl":"https:\/\/s.w.org\/images\/core\/emoji\/15.1.0\/svg\/1f1eb-1f1f7.svg"},{"@type":"BreadcrumbList","@id":"https:\/\/www.infos.maison-le-breton.com\/infos\/index.php\/jatdcrge\/#breadcrumb","itemListElement":[{"@type":"ListItem","position":1,"name":"Accueil","item":"https:\/\/www.infos.maison-le-breton.com\/infos\/"},{"@type":"ListItem","position":2,"name":"Jasse T\u00eate de Cuv\u00e9e"}]},{"@type":"WebSite","@id":"https:\/\/www.infos.maison-le-breton.com\/infos\/#website","url":"https:\/\/www.infos.maison-le-breton.com\/infos\/","name":"Maison Le Breton - Informations","description":"\u00c9tiquettes d\u00e9mat\u00e9rialis\u00e9es des vins de Maison Le Breton","publisher":{"@id":"https:\/\/www.infos.maison-le-breton.com\/infos\/#organization"},"potentialAction":[{"@type":"SearchAction","target":{"@type":"EntryPoint","urlTemplate":"https:\/\/www.infos.maison-le-breton.com\/infos\/?s={search_term_string}"},"query-input":{"@type":"PropertyValueSpecification","valueRequired":true,"valueName":"search_term_string"}}],"inLanguage":"fr-FR"},{"@type":"Organization","@id":"https:\/\/www.infos.maison-le-breton.com\/infos\/#organization","name":"Maison Le Breton - Informations","url":"https:\/\/www.infos.maison-le-breton.com\/infos\/","logo":{"@type":"ImageObject","inLanguage":"fr-FR","@id":"https:\/\/www.infos.maison-le-breton.com\/infos\/#\/schema\/logo\/image\/","url":"https:\/\/www.infos.maison-le-breton.com\/infos\/wp-content\/uploads\/2023\/12\/Logo_MaisonLeBreton_HorizonSmallNoir-e1703673249886.png","contentUrl":"https:\/\/www.infos.maison-le-breton.com\/infos\/wp-content\/uploads\/2023\/12\/Logo_MaisonLeBreton_HorizonSmallNoir-e1703673249886.png","width":211,"height":30,"caption":"Maison Le Breton - Informations"},"image":{"@id":"https:\/\/www.infos.maison-le-breton.com\/infos\/#\/schema\/logo\/image\/"}}]}},"_links":{"self":[{"href":"https:\/\/www.infos.maison-le-breton.com\/infos\/index.php\/wp-json\/wp\/v2\/pages\/196","targetHints":{"allow":["GET"]}}],"collection":[{"href":"https:\/\/www.infos.maison-le-breton.com\/infos\/index.php\/wp-json\/wp\/v2\/pages"}],"about":[{"href":"https:\/\/www.infos.maison-le-breton.com\/infos\/index.php\/wp-json\/wp\/v2\/types\/page"}],"author":[{"embeddable":true,"href":"https:\/\/www.infos.maison-le-breton.com\/infos\/index.php\/wp-json\/wp\/v2\/users\/1"}],"replies":[{"embeddable":true,"href":"https:\/\/www.infos.maison-le-breton.com\/infos\/index.php\/wp-json\/wp\/v2\/comments?post=196"}],"version-history":[{"count":4,"href":"https:\/\/www.infos.maison-le-breton.com\/infos\/index.php\/wp-json\/wp\/v2\/pages\/196\/revisions"}],"predecessor-version":[{"id":285,"href":"https:\/\/www.infos.maison-le-breton.com\/infos\/index.php\/wp-json\/wp\/v2\/pages\/196\/revisions\/285"}],"wp:attachment":[{"href":"https:\/\/www.infos.maison-le-breton.com\/infos\/index.php\/wp-json\/wp\/v2\/media?parent=196"}],"curies":[{"name":"wp","href":"https:\/\/api.w.org\/{rel}","templated":true}]}}